3*u + 10. Let t be q(-10). Suppose -4*m + t = 8*m. Calculate the greatest common factor of 33 and m.
33
Suppose -58*f = 1400 - 1806. What is the greatest common divisor of 15071 and f?
7
Suppose -2*n = 0, 536 = -2*b - n - 0*n. Let s = b - -279. What is the highest common factor of s and 77?
11
Suppose 0 = 13*g + 5 - 265. Let k = -36 + 76. What is the highest common factor of g and k?
20
Let z(r) be the second derivative of 0 + 3/2*r**2 + 1/3*r**3 - 15*r + 16/3*r**4. Let k be z(-1). Calculate the greatest common divisor of 26 and k.
13
Let q be (-1)/2*0 - -72. Suppose 8 = 10*m - 12. Let f be ((-504)/140)/((-1)/(5/m)). Calculate the greatest common divisor of q and f.
9
Let l(u) = -9*u**3 + 55*u + 6. Let i be l(-6). What is the greatest common factor of 495 and i?
45
Let x be (2646/(-30))/(-9) + (-246)/(-205). Let u be 21 + 1 + (-1 - -1). What is the greatest common divisor of u and x?
11
Let n be -4*3*(-3 - (-40)/15). Suppose 5*q - 6 = n. Suppose q*z + 2*z - 32 = -5*o, z + 13 = 4*o. Calculate the highest common divisor of z and 27.
3
Let w be 52308/44 - 2/(-11). Let f = 23020 - 22979. What is the highest common factor of w and f?
41
Suppose 78*u + 51*u - 770 = -125. Calculate the highest common factor of u and 1055.
5
Let u be 16/(-88) + (-1234)/(-11). Let p be (-175)/15*-3 - 0. Suppose 21 = 4*f - p. What is the highest common divisor of f and u?
14
Let q(r) = 5*r**2 + 5*r - 30. Let d be q(-7). Suppose 178*w = d*w - 72. What is the highest common divisor of w and 36?
36
Let v(n) = -2*n**3 - 6*n**2 + 5*n. Let p be v(-10). Suppose 0 = -0*i - 5*i - 5*y + p, 4*i = 2*y + 1080. What is the highest common factor of 27 and i?
27
Suppose -484 = -3*d + 4*i + 417, -3*i + 15 = 0. Let x = 538 - d. What is the highest common divisor of 84 and x?
21
Let k = -536 + 532. Let m(w) = 11*w**2 + 15*w + 4. Let s be m(k). Calculate the greatest common divisor of 16 and s.
8
Let w(f) = -18*f**3. Let p be w(-1). Suppose p*t - 9*t = 81. What is the greatest common factor of t and 81?
9
Let q(a) = 1127*a - 138. Let t be q(2). Suppose t*f = 2119*f - 198. Calculate the highest common factor of 297 and f.
33
Suppose -132*n - 966 = -5*p - 130*n, 5*p - 4*n = 952. Calculate the highest common divisor of p and 21.
7
Let o be (-6)/(-10) + (-676)/10. Let k = o + 82. Let b(g) = g**3 + 3*g**2 - 6*g - 2. Let j be b(-4). What is the greatest common factor of k and j?
3
Let z = 11 + -8. Suppose k + 4*r = -16, -r + 10 = -k - z*r. Let s be -9*(-3 - k)/(-1). Calculate the highest common factor of s and 27.
9
Let j be ((-56)/(-21) - 0)/(4/(-66)). Let o be 2/(-11) - 7268/j. Calculate the highest common divisor of 30 and o.
15
Let x = 548 + -544. Let f be -3 - (8 - 2284/x). What is the highest common factor of f and 168?
56
Let l be ((-155297)/1455 + 6/(-10))/((-3)/9). Calculate the highest common divisor of 91 and l.
7
Let h be (-4)/(-6) + (-10 + (-1409)/6)*-58. Calculate the highest common divisor of h and 11.
11
Suppose 10*g = 2*g + 1608. Let k = -651 - -654. What is the highest common factor of g and k?
3
Let h be (-458)/(-2*(6/(-8))/(-3)). Let m = 2356 - h. What is the highest common divisor of m and 96?
96
Let q be 28570/46 + 32/(-368). What is the highest common divisor of 54 and q?
27
Suppose 2*m = 4*i - 1162, 0 = 5*i - 4*i + 5*m - 307. Let r = i + -283. What is the greatest common divisor of 9 and r?
9
Suppose -2*r - 14 = 0, -8*n - 5*r = -3*n - 130. What is the greatest common divisor of 1309 and n?
11
Suppose -37*v = -v - 5616. Let s be (3/(-2) - 0)/(v/(-3328)). Calculate the highest common factor of 272 and s.
16
Let d(m) = 270*m**2 - 8*m + 134. Let j be d(5). What is the highest common divisor of 2124 and j?
236
Suppose w - 6*c + 7*c - 97 = 0, 3*w + 2*c - 290 = 0. Suppose -14275*v + 6048 = -14261*v. What is the greatest common divisor of w and v?
48
Let c = 10 - 6. Suppose -n - 1 + 56 = r, 0 = 4*n - 4. Suppose 8*x + r = 9*x + 2*l, -3*x + 3*l + 117 = 0. Calculate the greatest common factor of x and c.
4
Let p = 6544 + -6255. What is the highest common divisor of p and 119?
17
Let l = 227 - 352. Let q = -95 - l. Suppose -4*z + q = k, 3*k - 5*k - 3 = -z. Calculate the greatest common factor of 63 and z.
7
Let p = 39871 - 39806. Suppose -15*u + 60 = -12*u. What is the greatest common divisor of p and u?
5
Suppose 4*x - 9 = 19. Suppose -x*f = 4*f - 154. What is the greatest common factor of f and 21?
7
Let w be 110/70 + 3/7. Suppose -5*a + 11*a = 0. Let i be 1*(a/(-2) + -1 + 4). What is the highest common divisor of i and w?
1
Suppose 4*l - 180 = 3*i - 49, -3*i = -l + 26. Let z(o) = 43*o**2 - o + 1. Let s be z(1). Let j = s + -29. What is the greatest common factor of j and l?
7
Let t be (-1)/2 - 549/18. Let i = t + 35. Let h be (1 + (-6)/4)/(i/(-960)). What is the greatest common factor of 15 and h?
15
Let b = -379 + 386. Suppose 4*f + 5*o = b*f - 21, 4*o + 6 = -3*f. What is the greatest common factor of 122 and f?
2
Suppose 25*y = 24*y - 75. Let z = y + 91. Let i be 4/(-2) - -3 - -19. Calculate the greatest common divisor of i and z.
4
Let o(k) = -28*k - k**2 - 25 + 2*k**2 + 28*k. Let r be o(-11). Suppose -s = 2*s - 36. What is the greatest common divisor of r and s?
12
Let c = -3083 - -3794. Calculate the greatest common divisor of c and 6.
3
Let t(u) = -13*u + 579. Let w be t(9). What is the highest common factor of 336 and w?
42
Let i(x) = 63*x**2 - 35*x + 70. Let y be i(-7). Calculate the greatest common factor of 42 and y.
42
Suppose -c + q = -3*q - 14, 4*c + 3*q - 75 = 0. Let n be ((-39578)/(-275) - 2/(-25)) + 0. Calculate the highest common divisor of n and c.
18
Suppose 5*x + 72 = 267. Let m = 32081 - 31925. Calculate the highest common factor of m and x.
39
Let k(f) = -2*f**2 - 20*f + 3. Let d(a) = a + 1. Let j(q) = 3*d(q) + k(q). Let l be j(-6). Calculate the greatest common factor of l and 24.
12
Suppose 4*w = c + 5, -3*c - 18 = -3. Suppose w = -12*u - 188 + 1784. What is the greatest common factor of 7 and u?
7
Let x = -871 + 887. Let g be 12/10*(-3760)/(-6). Calculate the highest common divisor of x and g.
16
Let m(a) = 6*a + 12. Suppose 3*c - 13 = -0*c + 5*f, 4*c - 4*f = 4. Let o be c + ((-2)/2 - -5). Let u be m(o). What is the highest common divisor of 90 and u?
6
Let t(n) = -32*n - 145. Suppose -28 + 94 = -3*p + 5*r, -3*p = 2*r + 66. Let z be t(p). What is the highest common factor of 13 and z?
13
Let k = -256 - -272. Suppose -9*y + 20 + 196 = 0. What is the highest common divisor of y and k?
8
Let a(s) = s**3 - 21*s**2 - 23*s + 24. Let n = 5 + -9. Let d be ((-8)/n)/((-3)/(-33)). Let w be a(d). Calculate the highest common divisor of w and 2.
2
Suppose 13*h = 9*h + 108. Let c = h - 15. Suppose 0 = 11*n - c*n + 18. Calculate the greatest common divisor of n and 36.
18
Let a = 2761 - 1017. What is the highest common divisor of 32 and a?
16
Let i = -45826 + 45838. Let y = 229 - 101. What is the highest common divisor of i and y?
4
Let p(g) = 999*g - 6808. Let w be p(10). Calculate the highest common divisor of 518 and w.
74
Let l be (12/15 + (-287)/(-35))*15. What is the highest common factor of 675 and l?
135
Suppose 0 = -21*o + 34*o - 5590. Suppose o*r - 434*r = -640. Calculate the highest common divisor of r and 20.
20
Let b be -5 - (-66)/12 - (-394)/4. Calculate the highest common factor of b and 363.
33
Suppose 4*f - 5*h - 49392 = 16365, -5*f - 2*h = -82254. Calculate the greatest common factor of f and 16.
16
Suppose -8*p - 356 = -532. Suppose 19*d - p*d + 4*b = -32, 12 = 3*b. Calculate the greatest common factor of d and 40.
8
Let r be 3/3 - 1 - -3. Let d be ((-4)/(-10))/(4/200) - r. Suppose 5*x = 0, -3*x + d = 4*c - 7. Calculate the greatest common divisor of 54 and c.
6
Suppose -4*u = 19*u - 161. Suppose t - b = 10, 3*t - 29 = 5*b + u. Calculate the greatest common divisor of t and 161.
7
Let d = -276 + 367. What is the highest common factor of d and 2821?
91
Let c be 569/9 + (-6)/27. Suppose 7*b - 553 = c. Suppose -4*f = d - 176, 2*f - 4*f = 3*d - b. What is the highest common factor of f and 4?
4
Let s = -247 - -267. Suppose -10 - 30 = -5*d. Let y be (-795)/(-20) - (-2)/d. Calculate the greatest common divisor of s and y.
20
Suppose -14436 = -199*r + 4668. What is the highest common factor of 2544 and r?
48
Suppose -5*d - 10*b = -9*b - 775, -5*b - 493 =